 i(j) = 12*j**2 - 1. Calculate i(t).
11
Let y(l) = -l**3 + 7*l + 8. Let o be y(-3). Let k(x) = x**2 - 15*x + 7. What is k(o)?
-7
Let i(m) = -3*m - 7. Let f(z) = -3*z**3 + z - 13*z**2 + 0*z - 10 - 9 + 4*z**3. Let h be f(13). Give i(h).
11
Let b(j) = -j**2 - 2*j - 2. Let x be (-1449)/161 - 10/(-2). What is b(x)?
-10
Let w(y) = -y**2 + 7*y - 7. Let t be ((-16)/(-12))/(-4) - 46/(-3). Suppose -3*s = -2*g + 13, -s + 4 = -2*g + t. Give w(g).
3
Let n = -30 - -31. Let y(f) = 15*f - 9. Determine y(n).
6
Let f(l) = l - 6. Suppose 0 = 2*p - 8*p + 264. Suppose -b + 2*z - 1 = 3, -4*z + p = 4*b. What is f(b)?
0
Let c(a) = -2*a - a**3 + 2*a**3 - 534 + 4*a**2 + a**2 + 532. Suppose q + z = 0, 5*q - 2*z + 6*z = -5. Calculate c(q).
8
Let h(g) = 5*g + 119. Suppose 162 = r + 185. Calculate h(r).
4
Let o(z) = 62*z**2 - 172*z**2 + z**3 + 54*z**2 + 50 + 56*z**2. What is o(0)?
50
Let h(o) = -o**3 + 9*o**2 - 8*o + 10. Let i = 233 - 225. Determine h(i).
10
Let t = 0 - -5. Let g be (t + -4)/(1/5). Let y(z) be the first derivative of z**2/2 + 208. Determine y(g).
5
Suppose 5*t - 4 = 4*o + t, -4*o - 36 = 4*t. Let v(z) = -6*z - 4 + 0 + 5*z. Calculate v(o).
1
Let t(c) = -3*c**2 + 9*c + 7. Let d(v) = -2*v**2 + 9*v + 6. Let r(s) = 4*d(s) - 3*t(s). Give r(-8).
-5
Let r = 581 + -582. Let d(a) = -8*a. Calculate d(r).
8
Let b(o) = 12 + 94*o - 1 - 182*o + 89*o. Determine b(0).
11
Let n(q) = -2*q**2 + 6*q - 2. Let g(f) = f**2 - 3*f + 1. Let d(a) = -7*g(a) - 3*n(a). Let b = 165 - 141. Suppose b = 4*s + 8. Give d(s).
-5
Let r(p) = 4*p - 3. Let t(k) = 4*k - 4. Let a(b) = 3*r(b) - 2*t(b). Let x(d) = 0 + d + 1 - 3*d. Let v be x(1). Give a(v).
-5
Let c(w) = w + 2. Suppose -4*v - 34 = n, -n - 2*v - 37 = 3*v. Let o be 14/4 - (-11)/n. Calculate c(o).
5
Let k(z) be the second derivative of z**3/3 - z**2 + 5*z. Let j be 1/(-5) - (-88)/(-10). Let t(v) = v**3 + 8*v**2 - 8*v + 7. Let p be t(j). Calculate k(p).
-6
Let f be (-141)/21 - 4/14. Let w(x) = -x**3 - 7*x**2 - 3*x - 7. Calculate w(f).
14
Let o(z) be the first derivative of 1/60*z**5 - z**2 + 0*z**3 + 0*z - 2 - 1/4*z**4. Let j(p) be the second derivative of o(p). Determine j(6).
0
Let k(w) = -w**2 - w - 5. Let s = -122 - -122. Give k(s).
-5
Let l(c) be the second derivative of -6*c + 1/2*c**2 + 1/3*c**3 - 3. Suppose -a + 0 = 3. Give l(a).
-5
Let h(k) = -k + 44. Let v be h(13). Let x(g) = g**3 - 32*g**2 + 32*g - 29. Calculate x(v).
2
Let s(i) = 3 - 2 - 5*i**2 + 4*i**2 - 17*i + 16*i. Let r(m) = -3*m**2 - m + 7. Let h(d) = -r(d) + 4*s(d). What is h(-4)?
-7
Suppose 9 = -12*a + 15*a. Suppose p = -z, 2*z + a*z + 14 = 2*p. Let b(w) = w**3 - 8*w**3 + 8*w**3 + 4*w**p + 7 - 4*w. Determine b(-5).
2
Let p(v) = -v**3 - 3*v**2 + v - 4. Let i be -30*(1 + 2517/(-9)). Let w be i/36 + (-4)/18. Let s be w/(-56) - (-2)/14. Calculate p(s).
8
Let b(n) be the third derivative of -n**6/360 + n**5/15 - n**4/8 - 2*n**3 - 7*n**2. Let j(z) be the first derivative of b(z). Give j(7).
4
Suppose -2*i + 3*w + 45 = -2*w, 33 = 2*i - w. Suppose -x = 3*m - i, m - 9 = -4*x + 6*m. Let u(y) = -y**2 + 8*y - 3. Give u(x).
9
Suppose m = 3*m - 10. Suppose m = -2*i - 3. Let g(c) be the first derivative of -c**3/3 - 2*c**2 - 2*c + 21. Give g(i).
-2
Let t(c) = c**2 + c - 4. Let b(j) = -4*j**2 - 35*j - 34. Let i be b(-1). What is t(i)?
2
Let t(s) = -2*s**2 - 2*s + 13. Let k be t(2). Let x(r) = -4*r**3 - 2*r**2 - r + 2. Determine x(k).
-5
Let i(l) = -3 + 4*l + 4*l - 14*l + 4*l. Let f be i(-1). Let q(t) = t + 1. What is q(f)?
0
Suppose 5*a - 3 = 72. Let n = -15 + a. Let l(m) = -4 - 6*m + 2*m + n*m**2 + 1 - m**2. Determine l(-3).
0
Let f be (1 + -10)*6/6. Let q(z) be the second derivative of z**4/12 + 3*z**3/2 - 2*z**2 - z. Give q(f).
-4
Let a(g) = g + 5. Let w(z) = -6*z + 51. Let i be w(10). Determine a(i).
-4
Let h be -4*(-3)/(3*4). Let d(a) = -h + 3 - 5 - a + 0. Let s = 84 + -87. What is d(s)?
0
Suppose -5*a + a = 3*u - 34, 0 = 4*u + 8. Let q(w) = -w + 6. Let x be q(a). Let j(k) = 3*k + 3. What is j(x)?
-9
Let x(g) = g**2 - 2. Suppose -4*i + 2*w = -2*i - 6, -5*i = -w - 11. Let q be x(i). Let n(k) = 5*k**q + 3 + k**2 - 7*k - 3*k**2 - 2*k**2. Calculate n(6).
-3
Let p = 27/56 + -5/14. Let c(t) be the third derivative of -2*t**2 + 0 - p*t**4 - 2/3*t**3 + 0*t. What is c(-3)?
5
Let l(f) be the first derivative of 9*f**2/2 + 3*f + 18. Calculate l(-2).
-15
Let a = 79 + -77. Let r(y) be the first derivative of -y**5/60 + y**3/3 - y**2/2 + 4. Let p(i) be the second derivative of r(i). Give p(a).
-2
Let y(a) be the second derivative of a**7/42 - a**6/360 + a**5/60 - a**4/24 + 7*a**3/6 - a. Let q(o) be the second derivative of y(o). Give q(1).
20
Let c(q) = q**3 - q**2 - 12. Suppose 0 = -5*m + h + 25, 2*m + h + 7 = -2*h. Let p be (-4 + m)*(-3)/12*2. Calculate c(p).
-12
Suppose -17 = -4*u + 43. Let d = u - 14. Let y = d - 5. Let w(s) = s. Calculate w(y).
-4
Let u(m) = -m**3 + m**2 + 27*m - 7. Let b be u(-5). Let w(p) = p**3 - 7*p**2 - 6*p - 18. Determine w(b).
-2
Let i(z) = -2*z - 47 + 74 - 32. Let r = 2 - 7. What is i(r)?
5
Let k(b) = 0 - 2*b - 4 + 3*b. Suppose -3*q + 2*q = -1, -5*f - 69 = q. Let a be (-1)/((f/6)/(-7)). What is k(a)?
-7
Let q(z) = z**2 - 2*z + 7. Let y(m) = 4*m + 40. Let n(f) = -2*f - 20. Let w(v) = -9*n(v) - 4*y(v). Let j be w(-10). Let k be q(j). Let d(i) = -i + 9. Give d(k).
2
Let k(l) = l**3 + 5*l**2 + 5*l + 7. Let w(y) = -y**2 - 37*y - 75. Let h be w(-35). What is k(h)?
-18
Let q(y) = -y**2 - 9*y - 12. Let h be (-15)/(-200)*8*-10. Give q(h).
6
Let r(s) be the third derivative of -s**4/24 + 2*s**3 + 5*s**2. Let i be r(9). Let y(k) = -3*k**2 + 5*k - 4*k**i - k + 3*k**3 - 3. Calculate y(-4).
-3
Let k(m) = 33*m + 5. Let v(x) = 4*x + 2. Let s(p) = k(p) - 9*v(p). Determine s(-6).
5
Let l be -6*(1 + -6 - -6). Let y(g) be the third derivative of -g**4/24 - 11*g**3/6 - 7*g**2. What is y(l)?
-5
Let h(y) = y**2 - 8*y - 5. Suppose 0 = 5*s - 70 + 5. Let v = s + -9. Suppose -5*p = -j - j - 41, -v*p - 3*j = -42. What is h(p)?
4
Suppose 0*a - 6 = -2*a. Let m(p) = -23*p**3 + 13*p**3 - 2 + a. Let l(d) = d**3 - d**2 - 3*d + 3. Let k be l(2). Give m(k).
-9
Suppose -4*r + 3*x + 24 = -0*x, 8 = -2*x. Let f(a) = 1 + 2*a - 2 - r*a. Suppose -189*q = -576 - 144 - 225. What is f(q)?
-6
Let b(p) = -4*p**2 + p. Let k be b(1). Let o be 38/(-8) - k/(-12). Let f(i) = 92*i**3 + 88*i**3 - 3 + 4*i**2 - 7*i + 1 - 179*i**3 - 4. What is f(o)?
4
Let k(y) = 2. Let m(f) = 4*f - 2. Let x(w) = 3*k(w) - m(w). What is x(12)?
-40
Let b = 32 - 27. Suppose 3*j = -3, d + 4*d = b*j - 20. Let g(x) = x**2 + 5*x. What is g(d)?
0
Let z = 7 + -2. Suppose 0 = 4*a + 2*v - 21 + 5, a - 4 = -z*v. Let u(t) = 3*t. What is u(a)?
12
Let f(w) = -w**3 - 4*w**2 + 5*w - 7. Let j(t) = -t**2 + 11*t - 6. Let i be j(11). Let g = 26 - 37. Let a = g - i. Calculate f(a).
-7
Let t(g) be the second derivative of 2/3*g**4 - 3/2*g**2 - 5/3*g**3 + 0 + 18*g - 1/20*g**5. Determine t(7).
-24
Let q be (10/(-5))/(5/(-3))*5. Let k(c) = -6*c**2 - c + 7. Let n(a) = -a**2 - a. Let w(h) = k(h) - 5*n(h). Calculate w(q).
-5
Let h(k) = 12*k**3 + k. Suppose -6*c + 183 = 3. Let x = 31 - c. What is h(x)?
13
Let s(d) = -d**3 - 6*d**2 - 7*d + 5. Let z be (21/14)/((-10)/(-16) - 1). What is s(z)?
1
Let t(v) = -29*v + 4. Let m(o) = -15*o + 1. Let n(i) = 5*m(i) - 3*t(i). What is n(5)?
53
Suppose 83*c = 71*c + 84. Let b(n) = -n**2 + 7*n + 6. What is b(c)?
6
Let s(o) = -1 + 8*o + 15*o + 11*o - 41*o. Determine s(1).
-8
Let f be (-96)/15 - 8/20*-1. Let j(x) be the third derivative of x**5/60 + 7*x**4/24 + 7*x**3/6 - 4*x**2. Determine j(f).
1
Let y(g) = 4*g**3 + 2*g**2 + g + 26. Let f(s) = 5*s**3 + 2*s**2 + s + 26. Let u(d) = -5*f(d) + 6*y(d). Let m(w) be the first derivative of u(w). Calculate m(3).
-14
Let y(q) be the first derivative of q**4/4 - 4*q**3/3 - q**2/2 + 2*q - 644. Suppose 12 + 8 = -4*n, -3*r = -3*n - 39. Let v be r/3 + (-4)/6. Give y(v).
-8
Suppose -7*z + n = -3*z + 5, -15 = -3*z - 3*n. Let d be (-3)/(-9)*(-3 - -9). Let u(h) = 4*h**3 + 9 - h**d - 3*h**3 - 1. Give u(z).
8
Let x(n) be the first derivative of -1/2*n**2 + 2*n - 60 - 2*n**3 + 1/4*n**4. Give x(6).
-4
Suppose 32 = -4*y - 4*a, -5*a - 12 = -12*y + 13*y. Let q(j) be the first derivative of -j**3/3 - 3*j**2 + j + 1. What is q(y)?
-6
Let k(g) be the first derivative of g**5/30 - g**4/12 + g**3/3 - 7*g**2 + 9.